{"id":11,"date":"2019-12-20T13:57:40","date_gmt":"2019-12-20T13:57:40","guid":{"rendered":"https:\/\/chapters.w3.org\/france\/?page_id=11"},"modified":"2023-05-25T08:03:45","modified_gmt":"2023-05-25T06:03:45","slug":"index","status":"publish","type":"page","link":"https:\/\/chapters.w3.org\/hungary\/","title":{"rendered":"W3C Magyar Iroda"},"content":{"rendered":"\n<section class=\"wp-block-uagb-section uagb-section__wrap uagb-section__background-undefined alignfull uagb-block-d245d9e0\"><div class=\"uagb-section__overlay\"><\/div><div class=\"uagb-section__inner-wrap\">\n\t\t\t<div class=\"wp-block-uagb-post-carousel uagb-post-grid  uagb-post__image-position-background uagb-post__image-enabled uagb-block-6a6c2c96     uagb-post__arrow-outside uagb-slick-carousel uagb-post__items uagb-post__columns-1 is-carousel uagb-post__columns-tablet-2 uagb-post__columns-mobile-1\" data-total=\"8\" style=\"\">\n\n\t\t\t\t\t\t\t\t\t\t\t\t<article class=\"uagb-post__inner-wrap\">\t\t\t\t\t\t\t\t<h4 class=\"uagb-post__title uagb-post__text\">\n\t\t\t\t<a href=\"https:\/\/chapters.w3.org\/hungary\/2022\/05\/etikus-web-es-szemelyes-adatok-vedelme-alapelvek\/\" target=\"_self\" rel=\"bookmark noopener noreferrer\">Etikus Web \u00e9s Szem\u00e9lyes Adatok V\u00e9delme Alapelvek<\/a>\n\t\t\t<\/h4>\n\t\t\t\t\t\t<div class='uagb-post__text uagb-post-grid-byline'>\n\t\t\t\t\t\t\t\t<time datetime=\"2022-05-17T16:24:16+02:00\" class=\"uagb-post__date\">\n\t\t\t\t<span class=\"dashicons-calendar dashicons\"><\/span>\t\t\t\t\t2022-05-17\t\t\t\t<\/time>\n\t\t\t\t\t\t\t<span class=\"uagb-post__comment\">\n\t\t\t\t<span class=\"dashicons-admin-comments dashicons\"><\/span>\t\t\t\t\tNincs hozz\u00e1sz\u00f3l\u00e1s\t\t\t\t<\/span>\n\t\t\t\t\t\t<\/div>\n\t\t\t\t\t\t\t<div class='uagb-post__text uagb-post__excerpt'>\n\t\t\t\t\t<p>A Technikai Architekt\u00fara Csoport (Technical Architecture Group, TAG) megjelentette a Szem\u00e9lyes Adatok V\u00e9delme Alapelvek (Privacy&#8230;\t\t\t\t<\/div>\n\t\t\t\t\t\t<div class=\"uagb-post__text uagb-post__cta wp-block-button\">\n\t\t\t\t<a class=\"wp-block-button__link uagb-text-link\" style=\"\" href=\"https:\/\/chapters.w3.org\/hungary\/2022\/05\/etikus-web-es-szemelyes-adatok-vedelme-alapelvek\/\" target=\"_self\" rel=\"bookmark noopener noreferrer\">Read More<\/a>\n\t\t\t<\/div>\n\t\t\t\t\t\t<div class='uagb-post__image'>\n\t\t\t\t\t\t\t<\/div>\n\t\t\t\n\t\t\t\t\t\t\t\t\t<\/article>\n\t\t\t\t\t\t\t\t\t\t\t\t\t\t\t\t<article class=\"uagb-post__inner-wrap\">\t\t\t\t\t\t\t\t<h4 class=\"uagb-post__title uagb-post__text\">\n\t\t\t\t<a href=\"https:\/\/chapters.w3.org\/hungary\/2022\/05\/w3c-kiemelt-strategiai-temai-2022-aprilis\/\" target=\"_self\" rel=\"bookmark noopener noreferrer\">W3C kiemelt strat\u00e9giai t\u00e9m\u00e1i \u2013 2022. \u00e1prilis<\/a>\n\t\t\t<\/h4>\n\t\t\t\t\t\t<div class='uagb-post__text uagb-post-grid-byline'>\n\t\t\t\t\t\t\t\t<time datetime=\"2022-05-11T13:41:09+02:00\" class=\"uagb-post__date\">\n\t\t\t\t<span class=\"dashicons-calendar dashicons\"><\/span>\t\t\t\t\t2022-05-11\t\t\t\t<\/time>\n\t\t\t\t\t\t\t<span class=\"uagb-post__comment\">\n\t\t\t\t<span class=\"dashicons-admin-comments dashicons\"><\/span>\t\t\t\t\tNincs hozz\u00e1sz\u00f3l\u00e1s\t\t\t\t<\/span>\n\t\t\t\t\t\t<\/div>\n\t\t\t\t\t\t\t<div class='uagb-post__text uagb-post__excerpt'>\n\t\t\t\t\t<p>A W3C k\u00f6zz\u00e9tette kiemelt strat\u00e9giai t\u00e9m\u00e1it (April 2022 edition of the W3C Strategic Highlights). A&#8230;\t\t\t\t<\/div>\n\t\t\t\t\t\t<div class=\"uagb-post__text uagb-post__cta wp-block-button\">\n\t\t\t\t<a class=\"wp-block-button__link uagb-text-link\" style=\"\" href=\"https:\/\/chapters.w3.org\/hungary\/2022\/05\/w3c-kiemelt-strategiai-temai-2022-aprilis\/\" target=\"_self\" rel=\"bookmark noopener noreferrer\">Read More<\/a>\n\t\t\t<\/div>\n\t\t\t\t\t\t<div class='uagb-post__image'>\n\t\t\t\t\t\t\t<\/div>\n\t\t\t\n\t\t\t\t\t\t\t\t\t<\/article>\n\t\t\t\t\t\t\t\t\t\t\t\t\t\t\t\t<article class=\"uagb-post__inner-wrap\">\t\t\t\t\t\t\t\t<h4 class=\"uagb-post__title uagb-post__text\">\n\t\t\t\t<a href=\"https:\/\/chapters.w3.org\/hungary\/2022\/05\/judy-brewer-acm-dijat-kapott-a-web-akadalymentesitesi-kezdemenyezes-wai-vezeto-munkatarsakent\/\" target=\"_self\" rel=\"bookmark noopener noreferrer\">Judy Brewer ACM d\u00edjat kapott a Web Akad\u00e1lymentes\u00edt\u00e9si Kezdem\u00e9nyez\u00e9s (WAI) vezet\u0151 munkat\u00e1rsak\u00e9nt<\/a>\n\t\t\t<\/h4>\n\t\t\t\t\t\t<div class='uagb-post__text uagb-post-grid-byline'>\n\t\t\t\t\t\t\t\t<time datetime=\"2022-05-11T13:40:31+02:00\" class=\"uagb-post__date\">\n\t\t\t\t<span class=\"dashicons-calendar dashicons\"><\/span>\t\t\t\t\t2022-05-11\t\t\t\t<\/time>\n\t\t\t\t\t\t\t<span class=\"uagb-post__comment\">\n\t\t\t\t<span class=\"dashicons-admin-comments dashicons\"><\/span>\t\t\t\t\tNincs hozz\u00e1sz\u00f3l\u00e1s\t\t\t\t<\/span>\n\t\t\t\t\t\t<\/div>\n\t\t\t\t\t\t\t<div class='uagb-post__text uagb-post__excerpt'>\n\t\t\t\t\t<p>Judy Brewer-t ACM-d\u00edjban r\u00e9szes\u00edtette&nbsp;az amerikai ACM Tudom\u00e1nyos t\u00e1rsas\u00e1g (Association for Computing Machinery), elismerve a webes&#8230;\t\t\t\t<\/div>\n\t\t\t\t\t\t<div class=\"uagb-post__text uagb-post__cta wp-block-button\">\n\t\t\t\t<a class=\"wp-block-button__link uagb-text-link\" style=\"\" href=\"https:\/\/chapters.w3.org\/hungary\/2022\/05\/judy-brewer-acm-dijat-kapott-a-web-akadalymentesitesi-kezdemenyezes-wai-vezeto-munkatarsakent\/\" target=\"_self\" rel=\"bookmark noopener noreferrer\">Read More<\/a>\n\t\t\t<\/div>\n\t\t\t\t\t\t<div class='uagb-post__image'>\n\t\t\t\t\t\t\t<\/div>\n\t\t\t\n\t\t\t\t\t\t\t\t\t<\/article>\n\t\t\t\t\t\t\t\t\t\t\t\t\t\t\t\t<article class=\"uagb-post__inner-wrap\">\t\t\t\t\t\t\t\t<h4 class=\"uagb-post__title uagb-post__text\">\n\t\t\t\t<a href=\"https:\/\/chapters.w3.org\/hungary\/2022\/04\/emmy-dijban-reszesul-a-w3c-a-webes-betukeszlet-technologia-szabvanyositasaert\/\" target=\"_self\" rel=\"bookmark noopener noreferrer\">Emmy-d\u00edjban r\u00e9szes\u00fcl a W3C a webes bet\u0171k\u00e9szlet technol\u00f3gia szabv\u00e1nyos\u00edt\u00e1s\u00e1\u00e9rt<\/a>\n\t\t\t<\/h4>\n\t\t\t\t\t\t<div class='uagb-post__text uagb-post-grid-byline'>\n\t\t\t\t\t\t\t\t<time datetime=\"2022-04-27T15:15:57+02:00\" class=\"uagb-post__date\">\n\t\t\t\t<span class=\"dashicons-calendar dashicons\"><\/span>\t\t\t\t\t2022-04-27\t\t\t\t<\/time>\n\t\t\t\t\t\t\t<span class=\"uagb-post__comment\">\n\t\t\t\t<span class=\"dashicons-admin-comments dashicons\"><\/span>\t\t\t\t\tNincs hozz\u00e1sz\u00f3l\u00e1s\t\t\t\t<\/span>\n\t\t\t\t\t\t<\/div>\n\t\t\t\t\t\t\t<div class='uagb-post__text uagb-post__excerpt'>\n\t\t\t\t\t<p>A Nemzeti M\u0171v\u00e9szeti \u00e9s Tudom\u00e1nyos Akad\u00e9mia (National Academy of Arts and Sciences)&nbsp;Technol\u00f3giai \u00e9s M\u00e9rn\u00f6ki Emmy-d\u00edjban&#8230;\t\t\t\t<\/div>\n\t\t\t\t\t\t<div class=\"uagb-post__text uagb-post__cta wp-block-button\">\n\t\t\t\t<a class=\"wp-block-button__link uagb-text-link\" style=\"\" href=\"https:\/\/chapters.w3.org\/hungary\/2022\/04\/emmy-dijban-reszesul-a-w3c-a-webes-betukeszlet-technologia-szabvanyositasaert\/\" target=\"_self\" rel=\"bookmark noopener noreferrer\">Read More<\/a>\n\t\t\t<\/div>\n\t\t\t\t\t\t<div class='uagb-post__image'>\n\t\t\t\t\t\t\t<\/div>\n\t\t\t\n\t\t\t\t\t\t\t\t\t<\/article>\n\t\t\t\t\t\t\t\t\t\t\t\t\t\t\t\t<article class=\"uagb-post__inner-wrap\">\t\t\t\t\t\t\t\t<h4 class=\"uagb-post__title uagb-post__text\">\n\t\t\t\t<a href=\"https:\/\/chapters.w3.org\/hungary\/2022\/04\/webassembly-2-0-harom-uj-elso-nyilvanos-tervezet\/\" target=\"_self\" rel=\"bookmark noopener noreferrer\">WebAssembly 2.0 &#8211; h\u00e1rom \u00faj, els\u0151 nyilv\u00e1nos tervezet<\/a>\n\t\t\t<\/h4>\n\t\t\t\t\t\t<div class='uagb-post__text uagb-post-grid-byline'>\n\t\t\t\t\t\t\t\t<time datetime=\"2022-04-20T16:11:32+02:00\" class=\"uagb-post__date\">\n\t\t\t\t<span class=\"dashicons-calendar dashicons\"><\/span>\t\t\t\t\t2022-04-20\t\t\t\t<\/time>\n\t\t\t\t\t\t\t<span class=\"uagb-post__comment\">\n\t\t\t\t<span class=\"dashicons-admin-comments dashicons\"><\/span>\t\t\t\t\tNincs hozz\u00e1sz\u00f3l\u00e1s\t\t\t\t<\/span>\n\t\t\t\t\t\t<\/div>\n\t\t\t\t\t\t\t<div class='uagb-post__text uagb-post__excerpt'>\n\t\t\t\t\t<p>A&nbsp;WebAssembly Munkacsoport&nbsp;h\u00e1rom \u00faj, els\u0151 nyilv\u00e1nos tervezetet jelentetett meg. A WebAssembly egy olyan \u00faj webes nyelv,&#8230;\t\t\t\t<\/div>\n\t\t\t\t\t\t<div class=\"uagb-post__text uagb-post__cta wp-block-button\">\n\t\t\t\t<a class=\"wp-block-button__link uagb-text-link\" style=\"\" href=\"https:\/\/chapters.w3.org\/hungary\/2022\/04\/webassembly-2-0-harom-uj-elso-nyilvanos-tervezet\/\" target=\"_self\" rel=\"bookmark noopener noreferrer\">Read More<\/a>\n\t\t\t<\/div>\n\t\t\t\t\t\t<div class='uagb-post__image'>\n\t\t\t\t\t\t\t<\/div>\n\t\t\t\n\t\t\t\t\t\t\t\t\t<\/article>\n\t\t\t\t\t\t\t\t\t\t\t\t\t\t\t\t<article class=\"uagb-post__inner-wrap\">\t\t\t\t\t\t\t\t<h4 class=\"uagb-post__title uagb-post__text\">\n\t\t\t\t<a href=\"https:\/\/chapters.w3.org\/hungary\/2022\/04\/33-eves-a-web-a-w3c-ugyvezeto-igazgatojanak-levele\/\" target=\"_self\" rel=\"bookmark noopener noreferrer\">33 \u00e9ves a web \u2013 a W3C \u00fcgyvezet\u0151 igazgat\u00f3j\u00e1nak levele<\/a>\n\t\t\t<\/h4>\n\t\t\t\t\t\t<div class='uagb-post__text uagb-post-grid-byline'>\n\t\t\t\t\t\t\t\t<time datetime=\"2022-04-07T13:30:08+02:00\" class=\"uagb-post__date\">\n\t\t\t\t<span class=\"dashicons-calendar dashicons\"><\/span>\t\t\t\t\t2022-04-07\t\t\t\t<\/time>\n\t\t\t\t\t\t\t<span class=\"uagb-post__comment\">\n\t\t\t\t<span class=\"dashicons-admin-comments dashicons\"><\/span>\t\t\t\t\tNincs hozz\u00e1sz\u00f3l\u00e1s\t\t\t\t<\/span>\n\t\t\t\t\t\t<\/div>\n\t\t\t\t\t\t\t<div class='uagb-post__text uagb-post__excerpt'>\n\t\t\t\t\t<p>33 \u00e9vvel ezel\u0151tt, 1989. m\u00e1rciusban, mialatt a CERN-ben dolgozott, Sir Tim Berners-Lee meg\u00edrta az&nbsp;&#8222;Inform\u00e1ci\u00f3kezel\u00e9s: Javaslat&#8221;&nbsp;c\u00edm\u0171&#8230;\t\t\t\t<\/div>\n\t\t\t\t\t\t<div class=\"uagb-post__text uagb-post__cta wp-block-button\">\n\t\t\t\t<a class=\"wp-block-button__link uagb-text-link\" style=\"\" href=\"https:\/\/chapters.w3.org\/hungary\/2022\/04\/33-eves-a-web-a-w3c-ugyvezeto-igazgatojanak-levele\/\" target=\"_self\" rel=\"bookmark noopener noreferrer\">Read More<\/a>\n\t\t\t<\/div>\n\t\t\t\t\t\t<div class='uagb-post__image'>\n\t\t\t\t\t\t\t<\/div>\n\t\t\t\n\t\t\t\t\t\t\t\t\t<\/article>\n\t\t\t\t\t\t\t\t\t\t\t<\/div>\n\t\t\t<\/div><\/section>\n","protected":false},"excerpt":{"rendered":"","protected":false},"author":7,"featured_media":0,"parent":0,"menu_order":0,"comment_status":"closed","ping_status":"closed","template":"","meta":{"_uag_custom_page_level_css":"","footnotes":""},"class_list":["post-11","page","type-page","status-publish","hentry"],"uagb_featured_image_src":{"full":false,"thumbnail":false,"medium":false,"medium_large":false,"large":false,"1536x1536":false,"2048x2048":false,"post-thumbnail":false,"twentytwenty-fullscreen":false},"uagb_author_info":{"display_name":"J. Alan Bird","author_link":"https:\/\/chapters.w3.org\/hungary\/author\/abird\/"},"uagb_comment_info":0,"uagb_excerpt":null,"_links":{"self":[{"href":"https:\/\/chapters.w3.org\/hungary\/wp-json\/wp\/v2\/pages\/11","targetHints":{"allow":["GET"]}}],"collection":[{"href":"https:\/\/chapters.w3.org\/hungary\/wp-json\/wp\/v2\/pages"}],"about":[{"href":"https:\/\/chapters.w3.org\/hungary\/wp-json\/wp\/v2\/types\/page"}],"author":[{"embeddable":true,"href":"https:\/\/chapters.w3.org\/hungary\/wp-json\/wp\/v2\/users\/7"}],"replies":[{"embeddable":true,"href":"https:\/\/chapters.w3.org\/hungary\/wp-json\/wp\/v2\/comments?post=11"}],"version-history":[{"count":19,"href":"https:\/\/chapters.w3.org\/hungary\/wp-json\/wp\/v2\/pages\/11\/revisions"}],"predecessor-version":[{"id":224,"href":"https:\/\/chapters.w3.org\/hungary\/wp-json\/wp\/v2\/pages\/11\/revisions\/224"}],"wp:attachment":[{"href":"https:\/\/chapters.w3.org\/hungary\/wp-json\/wp\/v2\/media?parent=11"}],"curies":[{"name":"wp","href":"https:\/\/api.w.org\/{rel}","templated":true}]}}