{"id":94,"date":"2020-12-03T14:31:49","date_gmt":"2020-12-03T13:31:49","guid":{"rendered":"https:\/\/chapters.w3.org\/germany\/?page_id=94"},"modified":"2021-01-20T13:35:25","modified_gmt":"2021-01-20T12:35:25","slug":"ueber-das-w3c","status":"publish","type":"page","link":"https:\/\/chapters.w3.org\/germany\/ueber-das-w3c\/","title":{"rendered":"\u00dcber das W3C"},"content":{"rendered":"\n<p>Das World Wide Web Consortium (W3C) ist ein internationales Gremium, in der <a href=\"https:\/\/www.w3.org\/Consortium\/Member\/List\">Mitgliedsorganisationen<\/a>, ein <a href=\"https:\/\/www.w3.org\/People\/\">Vollzeit angestelltes Team<\/a> und die \u00d6ffentlichkeit zusammenarbeiten, um <a href=\"https:\/\/www.w3.org\/standards\/\">Webstandards<\/a> zu entwickeln.&nbsp;<\/p>\n\n\n\n<p>Geleitet wird das W3C vom Erfinder des WWW und W3C-Direktor <a href=\"https:\/\/www.w3.org\/People\/Berners-Lee\/\">Tim Berners-Lee<\/a> sowie&nbsp; <a href=\"https:\/\/www.w3.org\/People\/Jeff\/\">Jeffrey Jaffe<\/a> als CEO. Das W3C hat das Ziel, das Web zu seinem vollen Potenzial zu f\u00fchren, indem Protokolle und Richtlinien entwickelt werden, die das langfristige Wachstum des Webs sicherstellen.&nbsp;<\/p>\n\n\n\n<p>Hauptaufgabe&nbsp; des W3C ist&nbsp; die Standardisierung von Web-Technologien. Dazu folgt das W3C Prozessen, die die Entwicklung von qualitativ hochwertigen Standards auf der Grundlage eines Konsenses des Gremiums erm\u00f6glichen. Die W3C-Prozesse f\u00f6rdern Fairness, Reaktionsf\u00e4higkeit und Fortschritt &#8211; alles Facetten der Mission des W3C.<\/p>\n\n\n\n<p>Das W3C wird, gem\u00e4\u00df einer gemeinsamen Vereinbarung zwischen den &#8222;Host-Institutionen&#8220; <a href=\"http:\/\/www.csail.mit.edu\/\">MIT<\/a>, <a href=\"http:\/\/www.ercim.org\/\">ERCIM <\/a>, <a href=\"http:\/\/www.keio.ac.jp\/\">Keio University<\/a>, und <a href=\"http:\/\/ev.buaa.edu.cn\/\">Beihang University<\/a>, gef\u00fchrt<br><br>Ein Management-Team ist f\u00fcr die Ressourcenzuweisung und die strategische Planung der Mitarbeiter verantwortlich. Die <a href=\"https:\/\/chapters.w3.org\/\">W3C-Chapter<\/a> spielen eine wichtige Rolle in der internationalen Organisationsstruktur.<\/p>\n\n\n\n<p>Das <a href=\"https:\/\/www.w3.org\/Consortium\/Process\">W3C-Prozessdokument<\/a>, die <a href=\"https:\/\/www.w3.org\/2009\/12\/Member-Agreement\">Mitgliedervereinbarung<\/a>, die <a href=\"https:\/\/www.w3.org\/Consortium\/Patent-Policy\/\">Patentpolitik<\/a> und einige andere Dokumente legen die Rollen und Verantwortlichkeiten der Parteien fest, die an der Erstellung von W3C-Standards beteiligt sind.&nbsp;<\/p>\n\n\n\n<p>Einige Schl\u00fcsselkomponenten der Organisation neben dem W3C-Direktor und dem CEO sind:<\/p>\n\n\n\n<ul class=\"wp-block-list\"><li>Das <a href=\"https:\/\/www.w3.org\/Consortium\/Process\/#Intro\">Advisory Committee<\/a>, das sich aus je einem Vertreter der <a href=\"https:\/\/www.w3.org\/Consortium\/Member\/List\">W3C-Mitglieder <\/a>zusammensetzt. Das Advisory Committee hat eine Reihe von Kontrollfunktionen in den W3C-Prozessen und w\u00e4hlt das Advisory Board und den TAG.<\/li><li>Das <a href=\"https:\/\/www.w3.org\/2005\/10\/Process-20051014\/organization.html#AB\">Advisory Board<\/a>, ein beratendes Gremium, das vom Advisory Committee gew\u00e4hlt wird.<\/li><li>Die <a href=\"https:\/\/www.w3.org\/2005\/10\/Process-20051014\/organization.html#TAG\">Technical Architecture Group (TAG)<\/a>, die sich in erster Linie um die Dokumentation der Web-Architektur-Prinzipien k\u00fcmmert.<\/li><li>Die <a href=\"https:\/\/www.w3.org\/Consortium\/activities\">Chartered Groups<\/a>, die sich aus Vertretern der Mitglieder und <a href=\"https:\/\/www.w3.org\/participate\/invited-experts\/\">eingeladenen Experten<\/a> zusammensetzen und die den Gro\u00dfteil der W3C-Ergebnisse gem\u00e4\u00df den Schritten des W3C-Prozesses produzieren.<\/li><\/ul>\n\n\n\n<p>Das W3C engagiert sich auch in den&nbsp; Bereichen Bildung und \u00d6ffentlichkeitsarbeit, entwickelt Software und dient als offenes Forum f\u00fcr Diskussionen \u00fcber das Web. Die Vision des W3C f\u00fcr das Web umfasst den Austausch von Wissen und den Aufbau von Vertrauen im globalen Ma\u00dfstab.<\/p>\n","protected":false},"excerpt":{"rendered":"<p>Das World Wide Web Consortium (W3C) ist ein internationales Gremium, in der Mitgliedsorganisationen, ein Vollzeit angestelltes Team und die \u00d6ffentlichkeit zusammenarbeiten, um Webstandards zu entwickeln.&nbsp; Geleitet wird das W3C vom [&hellip;]<\/p>\n","protected":false},"author":25,"featured_media":0,"parent":0,"menu_order":0,"comment_status":"closed","ping_status":"closed","template":"","meta":{"_uag_custom_page_level_css":"","footnotes":""},"class_list":["post-94","page","type-page","status-publish","hentry"],"uagb_featured_image_src":{"full":false,"thumbnail":false,"medium":false,"medium_large":false,"large":false,"1536x1536":false,"2048x2048":false,"post-thumbnail":false,"twentytwenty-fullscreen":false},"uagb_author_info":{"display_name":"W3C-Chapter Deutschland und \u00d6sterreich","author_link":"https:\/\/chapters.w3.org\/germany\/author\/andreas\/"},"uagb_comment_info":0,"uagb_excerpt":"Das World Wide Web Consortium (W3C) ist ein internationales Gremium, in der Mitgliedsorganisationen, ein Vollzeit angestelltes Team und die \u00d6ffentlichkeit zusammenarbeiten, um Webstandards zu entwickeln.&nbsp; Geleitet wird das W3C vom [&hellip;]","_links":{"self":[{"href":"https:\/\/chapters.w3.org\/germany\/wp-json\/wp\/v2\/pages\/94","targetHints":{"allow":["GET"]}}],"collection":[{"href":"https:\/\/chapters.w3.org\/germany\/wp-json\/wp\/v2\/pages"}],"about":[{"href":"https:\/\/chapters.w3.org\/germany\/wp-json\/wp\/v2\/types\/page"}],"author":[{"embeddable":true,"href":"https:\/\/chapters.w3.org\/germany\/wp-json\/wp\/v2\/users\/25"}],"replies":[{"embeddable":true,"href":"https:\/\/chapters.w3.org\/germany\/wp-json\/wp\/v2\/comments?post=94"}],"version-history":[{"count":2,"href":"https:\/\/chapters.w3.org\/germany\/wp-json\/wp\/v2\/pages\/94\/revisions"}],"predecessor-version":[{"id":117,"href":"https:\/\/chapters.w3.org\/germany\/wp-json\/wp\/v2\/pages\/94\/revisions\/117"}],"wp:attachment":[{"href":"https:\/\/chapters.w3.org\/germany\/wp-json\/wp\/v2\/media?parent=94"}],"curies":[{"name":"wp","href":"https:\/\/api.w.org\/{rel}","templated":true}]}}